{"id":108,"date":"2026-03-04T19:38:09","date_gmt":"2026-03-04T18:38:09","guid":{"rendered":"https:\/\/etudiant33.webuco.fr\/?page_id=108"},"modified":"2026-04-13T19:29:04","modified_gmt":"2026-04-13T17:29:04","slug":"paul-hervey-brookes","status":"publish","type":"page","link":"https:\/\/etudiant33.webuco.fr\/index.php\/intervenants\/paul-hervey-brookes\/","title":{"rendered":"Paul Hervey-Brookes"},"content":{"rendered":"\n<div class=\"wp-block-cover is-light\"><img loading=\"lazy\" decoding=\"async\" width=\"800\" height=\"530\" class=\"wp-block-cover__image-background wp-image-148 size-full\" alt=\"\" src=\"https:\/\/etudiant33.webuco.fr\/wp-content\/uploads\/2026\/03\/es_6780_0-2.jpg\" data-object-fit=\"cover\" srcset=\"https:\/\/etudiant33.webuco.fr\/wp-content\/uploads\/2026\/03\/es_6780_0-2.jpg 800w, https:\/\/etudiant33.webuco.fr\/wp-content\/uploads\/2026\/03\/es_6780_0-2-300x199.jpg 300w, https:\/\/etudiant33.webuco.fr\/wp-content\/uploads\/2026\/03\/es_6780_0-2-768x509.jpg 768w\" sizes=\"auto, (max-width: 800px) 100vw, 800px\" \/><span aria-hidden=\"true\" class=\"wp-block-cover__background has-background-dim-20 has-background-dim\" style=\"background-color:#848568\"><\/span><div class=\"wp-block-cover__inner-container is-layout-constrained wp-block-cover-is-layout-constrained\">\n<p class=\"has-text-align-center has-large-font-size\">Paul Hervey-Brookes<\/p>\n\n\n\n<h3 class=\"gb-text gb-text-21172b0d\"><a href=\"https:\/\/etudiant33.webuco.fr\/index.php\/creation-bouquets-saisonniers\/\" data-type=\"page\" data-id=\"165\">Cr\u00e9ation bouquets saisonniers<\/a><\/h3>\n\n\n\n<p class=\"gb-text gb-text-ded26224\"><strong>Le 11 juin <\/strong><\/p>\n\n\n\n<p class=\"has-text-align-center\"><strong>Le samedi \u00e0 10h et 14h30<\/strong><\/p>\n<\/div><\/div>\n\n\n\n<div class=\"gb-element-f8952aa1\">\n<div class=\"gb-element-0ea5e688\"><\/div>\n\n\n\n<div class=\"gb-element-9d6d47a3\">\n<p class=\"gb-text\">Paul Hervey-Brookes est un designer paysagiste britannique prim\u00e9. M. Hervey-Brookes est c\u00e9l\u00e8bre pour son approche \u00ab plants first \u00bb. Cette approche  qui place la plante au c\u0153ur du projet paysager est notamment utilis\u00e9 dans toute l&#8217;Europe.<\/p>\n\n\n\n<p>Ses cr\u00e9ations ont \u00e9t\u00e9 r\u00e9compens\u00e9es lors de grands salons horticoles internationaux.&nbsp;<\/p>\n\n\n\n<p><br>Au festival :&nbsp;Il interviendra lors d\u2019une conf\u00e9rence sur la conception de jardins durables et participera \u00e0 une table ronde autour du futur des espaces verts urbains.<\/p>\n<\/div>\n<\/div>\n\n\n\n<h3 class=\"gb-text\"><a href=\"https:\/\/etudiant33.webuco.fr\/index.php\/creation-bouquets-saisonniers\/\">Cr\u00e9ation de bouquet de fleurs &#8211; samedi 11 juin \u00e0 10h et 14h30<\/a><\/h3>\n","protected":false},"excerpt":{"rendered":"<p>Paul Hervey-Brookes est un designer paysagiste britannique prim\u00e9. M. Hervey-Brookes est c\u00e9l\u00e8bre pour son approche \u00ab plants first \u00bb. Cette approche qui place la plante au c\u0153ur du projet paysager est notamment utilis\u00e9 dans toute l&#8217;Europe. Ses cr\u00e9ations ont \u00e9t\u00e9 r\u00e9compens\u00e9es lors de grands salons horticoles internationaux.&nbsp; Au festival :&nbsp;Il interviendra lors d\u2019une conf\u00e9rence sur &#8230; <a title=\"Paul Hervey-Brookes\" class=\"read-more\" href=\"https:\/\/etudiant33.webuco.fr\/index.php\/intervenants\/paul-hervey-brookes\/\" aria-label=\"Read more about Paul Hervey-Brookes\">Read more<\/a><\/p>\n","protected":false},"author":1,"featured_media":0,"parent":18,"menu_order":0,"comment_status":"closed","ping_status":"closed","template":"","meta":{"footnotes":""},"class_list":["post-108","page","type-page","status-publish"],"_links":{"self":[{"href":"https:\/\/etudiant33.webuco.fr\/index.php\/wp-json\/wp\/v2\/pages\/108","targetHints":{"allow":["GET"]}}],"collection":[{"href":"https:\/\/etudiant33.webuco.fr\/index.php\/wp-json\/wp\/v2\/pages"}],"about":[{"href":"https:\/\/etudiant33.webuco.fr\/index.php\/wp-json\/wp\/v2\/types\/page"}],"author":[{"embeddable":true,"href":"https:\/\/etudiant33.webuco.fr\/index.php\/wp-json\/wp\/v2\/users\/1"}],"replies":[{"embeddable":true,"href":"https:\/\/etudiant33.webuco.fr\/index.php\/wp-json\/wp\/v2\/comments?post=108"}],"version-history":[{"count":20,"href":"https:\/\/etudiant33.webuco.fr\/index.php\/wp-json\/wp\/v2\/pages\/108\/revisions"}],"predecessor-version":[{"id":421,"href":"https:\/\/etudiant33.webuco.fr\/index.php\/wp-json\/wp\/v2\/pages\/108\/revisions\/421"}],"up":[{"embeddable":true,"href":"https:\/\/etudiant33.webuco.fr\/index.php\/wp-json\/wp\/v2\/pages\/18"}],"wp:attachment":[{"href":"https:\/\/etudiant33.webuco.fr\/index.php\/wp-json\/wp\/v2\/media?parent=108"}],"curies":[{"name":"wp","href":"https:\/\/api.w.org\/{rel}","templated":true}]}}