{"id":110,"date":"2026-03-04T19:38:38","date_gmt":"2026-03-04T18:38:38","guid":{"rendered":"https:\/\/etudiant33.webuco.fr\/?page_id=110"},"modified":"2026-04-13T19:29:36","modified_gmt":"2026-04-13T17:29:36","slug":"shane-connolly","status":"publish","type":"page","link":"https:\/\/etudiant33.webuco.fr\/index.php\/shane-connolly\/","title":{"rendered":"Shane Connolly"},"content":{"rendered":"\n<div class=\"wp-block-cover\"><img loading=\"lazy\" decoding=\"async\" width=\"800\" height=\"586\" class=\"wp-block-cover__image-background wp-image-157 size-full\" alt=\"\" src=\"https:\/\/etudiant33.webuco.fr\/wp-content\/uploads\/2026\/03\/GettyImages-1252648033-1.jpg\" style=\"object-position:47% 16%\" data-object-fit=\"cover\" data-object-position=\"47% 16%\" srcset=\"https:\/\/etudiant33.webuco.fr\/wp-content\/uploads\/2026\/03\/GettyImages-1252648033-1.jpg 800w, https:\/\/etudiant33.webuco.fr\/wp-content\/uploads\/2026\/03\/GettyImages-1252648033-1-300x220.jpg 300w, https:\/\/etudiant33.webuco.fr\/wp-content\/uploads\/2026\/03\/GettyImages-1252648033-1-768x563.jpg 768w\" sizes=\"auto, (max-width: 800px) 100vw, 800px\" \/><span aria-hidden=\"true\" class=\"wp-block-cover__background has-background-dim-40 has-background-dim\" style=\"background-color:#715e48\"><\/span><div class=\"wp-block-cover__inner-container is-layout-constrained wp-block-cover-is-layout-constrained\">\n<p class=\"has-text-align-center has-large-font-size\">Shane Connolly<\/p>\n\n\n\n<h3 class=\"gb-text gb-text-6c4bb74a\"><a href=\"https:\/\/etudiant33.webuco.fr\/index.php\/creer-un-jardin-pour-les-pollinisateurs\/\" data-type=\"page\" data-id=\"169\">Cr\u00e9er un Jardin pour les Pollinisateurs\u00a0<\/a><\/h3>\n\n\n\n<p class=\"has-text-align-center\"><strong>Le 11 et 12 juin<\/strong><\/p>\n\n\n\n<p class=\"has-text-align-center\"><strong>Le samedi \u00e0 13h30 et le dimanche \u00e0 14h<\/strong><\/p>\n<\/div><\/div>\n\n\n\n<div class=\"gb-element-2eec02b1\">\n<div class=\"gb-element-53f47a22\"><\/div>\n\n\n\n<div class=\"gb-element-39ea073a\">\n<p class=\"gb-text\">Shane Connolly est un designer floral britannique r\u00e9put\u00e9 pour son approche durable et naturelle de la floristique. Il est  notamment connu pour avoir travaill\u00e9 sur des \u00e9v\u00e9nements prestigieux, notamment des c\u00e9r\u00e9monies royales au Royaume-Uni.&nbsp;C&#8217;est une figure embl\u00e9matique dans ce pays.<\/p>\n\n\n\n<p><br>Au festival : Vous aurez la possibilit\u00e9 d&#8217;aller voir l&#8217;animation sur la conf\u00e9rence sur la fleur responsable et durable, et partagera ses conseils pour une d\u00e9coration florale respectueuse de l\u2019environnement. Il sera ravi de pouvoir discuter avec vous !<\/p>\n<\/div>\n<\/div>\n\n\n\n<h3 class=\"gb-text\"><a href=\"https:\/\/etudiant33.webuco.fr\/index.php\/creer-un-jardin-pour-les-pollinisateurs\/\">Cr\u00e9ation de jardins polinisateurs &#8211; le 11 et 12 juin<\/a><\/h3>\n","protected":false},"excerpt":{"rendered":"<p>Shane Connolly est un designer floral britannique r\u00e9put\u00e9 pour son approche durable et naturelle de la floristique. Il est notamment connu pour avoir travaill\u00e9 sur des \u00e9v\u00e9nements prestigieux, notamment des c\u00e9r\u00e9monies royales au Royaume-Uni.&nbsp;C&#8217;est une figure embl\u00e9matique dans ce pays. Au festival : Vous aurez la possibilit\u00e9 d&#8217;aller voir l&#8217;animation sur la conf\u00e9rence sur la &#8230; <a title=\"Shane Connolly\" class=\"read-more\" href=\"https:\/\/etudiant33.webuco.fr\/index.php\/shane-connolly\/\" aria-label=\"Read more about Shane Connolly\">Read more<\/a><\/p>\n","protected":false},"author":1,"featured_media":0,"parent":0,"menu_order":0,"comment_status":"closed","ping_status":"closed","template":"","meta":{"footnotes":""},"class_list":["post-110","page","type-page","status-publish"],"_links":{"self":[{"href":"https:\/\/etudiant33.webuco.fr\/index.php\/wp-json\/wp\/v2\/pages\/110","targetHints":{"allow":["GET"]}}],"collection":[{"href":"https:\/\/etudiant33.webuco.fr\/index.php\/wp-json\/wp\/v2\/pages"}],"about":[{"href":"https:\/\/etudiant33.webuco.fr\/index.php\/wp-json\/wp\/v2\/types\/page"}],"author":[{"embeddable":true,"href":"https:\/\/etudiant33.webuco.fr\/index.php\/wp-json\/wp\/v2\/users\/1"}],"replies":[{"embeddable":true,"href":"https:\/\/etudiant33.webuco.fr\/index.php\/wp-json\/wp\/v2\/comments?post=110"}],"version-history":[{"count":8,"href":"https:\/\/etudiant33.webuco.fr\/index.php\/wp-json\/wp\/v2\/pages\/110\/revisions"}],"predecessor-version":[{"id":423,"href":"https:\/\/etudiant33.webuco.fr\/index.php\/wp-json\/wp\/v2\/pages\/110\/revisions\/423"}],"wp:attachment":[{"href":"https:\/\/etudiant33.webuco.fr\/index.php\/wp-json\/wp\/v2\/media?parent=110"}],"curies":[{"name":"wp","href":"https:\/\/api.w.org\/{rel}","templated":true}]}}