{"id":165,"date":"2026-03-22T14:59:13","date_gmt":"2026-03-22T13:59:13","guid":{"rendered":"https:\/\/etudiant33.webuco.fr\/?page_id=165"},"modified":"2026-04-15T13:58:33","modified_gmt":"2026-04-15T11:58:33","slug":"creation-bouquets-saisonniers","status":"publish","type":"page","link":"https:\/\/etudiant33.webuco.fr\/index.php\/creation-bouquets-saisonniers\/","title":{"rendered":"Cr\u00e9ation bouquets saisonniers"},"content":{"rendered":"\n<div class=\"gb-element-5825992c\">\n<div class=\"gb-element-3c08fe1d\">\n<img loading=\"lazy\" decoding=\"async\" width=\"800\" height=\"1066\" class=\"gb-media-263ddb4c\" alt=\"\" title=\"85fbdafe4121f5936f6de606f55698d5 (1)\" src=\"https:\/\/etudiant33.webuco.fr\/wp-content\/uploads\/2026\/03\/85fbdafe4121f5936f6de606f55698d5-1.jpg\" srcset=\"https:\/\/etudiant33.webuco.fr\/wp-content\/uploads\/2026\/03\/85fbdafe4121f5936f6de606f55698d5-1.jpg 800w, https:\/\/etudiant33.webuco.fr\/wp-content\/uploads\/2026\/03\/85fbdafe4121f5936f6de606f55698d5-1-225x300.jpg 225w, https:\/\/etudiant33.webuco.fr\/wp-content\/uploads\/2026\/03\/85fbdafe4121f5936f6de606f55698d5-1-768x1023.jpg 768w\" sizes=\"auto, (max-width: 800px) 100vw, 800px\" \/>\n<\/div>\n\n\n\n<div class=\"gb-element-cd349c92\">\n<img loading=\"lazy\" decoding=\"async\" width=\"800\" height=\"1067\" class=\"gb-media-bf0b3dbc\" alt=\"\" title=\"bouquet-3432452_1280 (1)\" src=\"https:\/\/etudiant33.webuco.fr\/wp-content\/uploads\/2026\/03\/bouquet-3432452_1280-1.jpg\" srcset=\"https:\/\/etudiant33.webuco.fr\/wp-content\/uploads\/2026\/03\/bouquet-3432452_1280-1.jpg 800w, https:\/\/etudiant33.webuco.fr\/wp-content\/uploads\/2026\/03\/bouquet-3432452_1280-1-225x300.jpg 225w, https:\/\/etudiant33.webuco.fr\/wp-content\/uploads\/2026\/03\/bouquet-3432452_1280-1-768x1024.jpg 768w\" sizes=\"auto, (max-width: 800px) 100vw, 800px\" \/>\n<\/div>\n\n\n\n<div class=\"gb-element-d9fe562c\">\n<img loading=\"lazy\" decoding=\"async\" width=\"800\" height=\"988\" class=\"gb-media-10ec0ab3\" alt=\"\" title=\"a51fdb2b60ea7169c33c18f267803cc3 (1)\" src=\"https:\/\/etudiant33.webuco.fr\/wp-content\/uploads\/2026\/03\/a51fdb2b60ea7169c33c18f267803cc3-1.jpg\" srcset=\"https:\/\/etudiant33.webuco.fr\/wp-content\/uploads\/2026\/03\/a51fdb2b60ea7169c33c18f267803cc3-1.jpg 800w, https:\/\/etudiant33.webuco.fr\/wp-content\/uploads\/2026\/03\/a51fdb2b60ea7169c33c18f267803cc3-1-243x300.jpg 243w, https:\/\/etudiant33.webuco.fr\/wp-content\/uploads\/2026\/03\/a51fdb2b60ea7169c33c18f267803cc3-1-768x948.jpg 768w\" sizes=\"auto, (max-width: 800px) 100vw, 800px\" \/>\n<\/div>\n\n\n\n<div class=\"gb-element-8796702d\">\n<img loading=\"lazy\" decoding=\"async\" width=\"800\" height=\"981\" class=\"gb-media-cb5ee3ca\" alt=\"\" title=\"bouquet-hortensia-lacanau (1)\" src=\"https:\/\/etudiant33.webuco.fr\/wp-content\/uploads\/2026\/03\/bouquet-hortensia-lacanau-1-2.jpg\" srcset=\"https:\/\/etudiant33.webuco.fr\/wp-content\/uploads\/2026\/03\/bouquet-hortensia-lacanau-1-2.jpg 800w, https:\/\/etudiant33.webuco.fr\/wp-content\/uploads\/2026\/03\/bouquet-hortensia-lacanau-1-2-245x300.jpg 245w, https:\/\/etudiant33.webuco.fr\/wp-content\/uploads\/2026\/03\/bouquet-hortensia-lacanau-1-2-768x942.jpg 768w\" sizes=\"auto, (max-width: 800px) 100vw, 800px\" \/>\n<\/div>\n\n\n\n<div class=\"gb-element-be4ade61\">\n<img loading=\"lazy\" decoding=\"async\" width=\"800\" height=\"1001\" class=\"gb-media-6f0beb42\" alt=\"\" title=\"f0310b677460306142e26387e8ef0f13 (1)\" src=\"https:\/\/etudiant33.webuco.fr\/wp-content\/uploads\/2026\/03\/f0310b677460306142e26387e8ef0f13-1.jpg\" srcset=\"https:\/\/etudiant33.webuco.fr\/wp-content\/uploads\/2026\/03\/f0310b677460306142e26387e8ef0f13-1.jpg 800w, https:\/\/etudiant33.webuco.fr\/wp-content\/uploads\/2026\/03\/f0310b677460306142e26387e8ef0f13-1-240x300.jpg 240w, https:\/\/etudiant33.webuco.fr\/wp-content\/uploads\/2026\/03\/f0310b677460306142e26387e8ef0f13-1-768x961.jpg 768w\" sizes=\"auto, (max-width: 800px) 100vw, 800px\" \/>\n<\/div>\n\n\n\n<div class=\"gb-element-7100ece0\">\n<img loading=\"lazy\" decoding=\"async\" width=\"800\" height=\"894\" class=\"gb-media-282f540b\" alt=\"\" title=\"bouquet-automne (1)\" src=\"https:\/\/etudiant33.webuco.fr\/wp-content\/uploads\/2026\/04\/bouquet-automne-1.jpg\" srcset=\"https:\/\/etudiant33.webuco.fr\/wp-content\/uploads\/2026\/04\/bouquet-automne-1.jpg 800w, https:\/\/etudiant33.webuco.fr\/wp-content\/uploads\/2026\/04\/bouquet-automne-1-268x300.jpg 268w, https:\/\/etudiant33.webuco.fr\/wp-content\/uploads\/2026\/04\/bouquet-automne-1-768x858.jpg 768w\" sizes=\"auto, (max-width: 800px) 100vw, 800px\" \/>\n<\/div>\n<\/div>\n\n\n\n<div class=\"gb-element-f1ec1df3\">\n<div class=\"gb-element-bda5a73a\">\n<div>\n<h1 class=\"gb-text gb-text-c639d2dc\">Le concept de notre atelier de cr\u00e9ation de bouquets de saison : &#8220;V\u00e9ritable parenth\u00e8se sensorielle ! &#8220;<\/h1>\n<\/div>\n<\/div>\n\n\n\n<div class=\"gb-element-1635e039\">\n<h6 class=\"gb-text\">Anim\u00e9 par <a href=\"https:\/\/etudiant33.webuco.fr\/index.php\/intervenants\/paul-hervey-brookes\/\" data-type=\"page\" data-id=\"108\">Paul Hervey-Brookes<\/a><\/h6>\n\n\n\n<p>Au c\u0153ur du festival, entre les effluves de rose, de pivoine et de lavande, notre atelier Cr\u00e9ation de Bouquets Saisonniers vous invite \u00e0 vivre une exp\u00e9rience florale unique, guid\u00e9e par la passion et le savoir-faire de nos fleuristes. Que vous soyez novice curieux ou amateur \u00e9clair\u00e9, cet atelier a \u00e9t\u00e9 pens\u00e9 pour vous offrir bien plus qu&#8217;un simple cours de fleuristerie : c&#8217;est une v\u00e9ritable parenth\u00e8se sensorielle, un moment suspendu o\u00f9 la cr\u00e9ativit\u00e9 rencontre la nature.<\/p>\n\n\n\n<p>En une heure et demie, vous apprendrez \u00e0 regarder les fleurs autrement, \u00e0 comprendre leur langage et leur fa\u00e7on de dialoguer entre elles. Vous d\u00e9couvrirez les grands principes de la composition florale point focal, \u00e9quilibre des volumes, jeux de hauteurs ainsi que les associations chromatiques qui font vibrer un arrangement : cama\u00efeux doux et po\u00e9tiques, contrastes francs ou palettes estivales. Vous repartirez \u00e9galement avec les bons gestes pour pr\u00e9parer vos tiges et prolonger la vie de votre bouquet une fois chez vous.<\/p>\n\n\n\n<p>Fid\u00e8le \u00e0 l&#8217;esprit du festival, cet atelier met \u00e0 l&#8217;honneur les fleurs locales et de saison, cueillies dans le respect des cycles naturels aupr\u00e8s de producteurs de la r\u00e9gion. Chaque atelier est ainsi unique, fa\u00e7onn\u00e9 par ce que la nature offre ce jour-l\u00e0.<\/p>\n\n\n\n<p><br><strong>Dur\u00e9e :<\/strong> 1h30 \u2014 <strong>Public :<\/strong> Adultes &amp; adolescents \u2014 <strong>Niveau :<\/strong> D\u00e9butant \u00e0 interm\u00e9diaire<br><em>Places limit\u00e9es \u2014 Inscription conseill\u00e9e<\/em><\/p>\n<\/div>\n<\/div>\n","protected":false},"excerpt":{"rendered":"<p>Le concept de notre atelier de cr\u00e9ation de bouquets de saison : &#8220;V\u00e9ritable parenth\u00e8se sensorielle ! &#8220; Anim\u00e9 par Paul Hervey-Brookes Au c\u0153ur du festival, entre les effluves de rose, de pivoine et de lavande, notre atelier Cr\u00e9ation de Bouquets Saisonniers vous invite \u00e0 vivre une exp\u00e9rience florale unique, guid\u00e9e par la passion et le &#8230; <a title=\"Cr\u00e9ation bouquets saisonniers\" class=\"read-more\" href=\"https:\/\/etudiant33.webuco.fr\/index.php\/creation-bouquets-saisonniers\/\" aria-label=\"Read more about Cr\u00e9ation bouquets saisonniers\">Read more<\/a><\/p>\n","protected":false},"author":1,"featured_media":0,"parent":0,"menu_order":0,"comment_status":"closed","ping_status":"closed","template":"","meta":{"footnotes":""},"class_list":["post-165","page","type-page","status-publish"],"_links":{"self":[{"href":"https:\/\/etudiant33.webuco.fr\/index.php\/wp-json\/wp\/v2\/pages\/165","targetHints":{"allow":["GET"]}}],"collection":[{"href":"https:\/\/etudiant33.webuco.fr\/index.php\/wp-json\/wp\/v2\/pages"}],"about":[{"href":"https:\/\/etudiant33.webuco.fr\/index.php\/wp-json\/wp\/v2\/types\/page"}],"author":[{"embeddable":true,"href":"https:\/\/etudiant33.webuco.fr\/index.php\/wp-json\/wp\/v2\/users\/1"}],"replies":[{"embeddable":true,"href":"https:\/\/etudiant33.webuco.fr\/index.php\/wp-json\/wp\/v2\/comments?post=165"}],"version-history":[{"count":15,"href":"https:\/\/etudiant33.webuco.fr\/index.php\/wp-json\/wp\/v2\/pages\/165\/revisions"}],"predecessor-version":[{"id":449,"href":"https:\/\/etudiant33.webuco.fr\/index.php\/wp-json\/wp\/v2\/pages\/165\/revisions\/449"}],"wp:attachment":[{"href":"https:\/\/etudiant33.webuco.fr\/index.php\/wp-json\/wp\/v2\/media?parent=165"}],"curies":[{"name":"wp","href":"https:\/\/api.w.org\/{rel}","templated":true}]}}

Création bouquets saisonniers

<div class="gb-element-5825992c">
<div class="gb-element-3c08fe1d">
<img loading="lazy" decoding="async" width="800" height="1066" class="gb-media-263ddb4c" alt="" title="85fbdafe4121f5936f6de606f55698d5 (1)" src="https://etudiant33.webuco.fr/wp-content/uploads/2026/03/85fbdafe4121f5936f6de606f55698d5-1.jpg" srcset="https://etudiant33.webuco.fr/wp-content/uploads/2026/03/85fbdafe4121f5936f6de606f55698d5-1.jpg 800w, https://etudiant33.webuco.fr/wp-content/uploads/2026/03/85fbdafe4121f5936f6de606f55698d5-1-225x300.jpg 225w, https://etudiant33.webuco.fr/wp-content/uploads/2026/03/85fbdafe4121f5936f6de606f55698d5-1-768x1023.jpg 768w" sizes="auto, (max-width: 800px) 100vw, 800px" />
</div>



<div class="gb-element-cd349c92">
<img loading="lazy" decoding="async" width="800" height="1067" class="gb-media-bf0b3dbc" alt="" title="bouquet-3432452_1280 (1)" src="https://etudiant33.webuco.fr/wp-content/uploads/2026/03/bouquet-3432452_1280-1.jpg" srcset="https://etudiant33.webuco.fr/wp-content/uploads/2026/03/bouquet-3432452_1280-1.jpg 800w, https://etudiant33.webuco.fr/wp-content/uploads/2026/03/bouquet-3432452_1280-1-225x300.jpg 225w, https://etudiant33.webuco.fr/wp-content/uploads/2026/03/bouquet-3432452_1280-1-768x1024.jpg 768w" sizes="auto, (max-width: 800px) 100vw, 800px" />
</div>



<div class="gb-element-d9fe562c">
<img loading="lazy" decoding="async" width="800" height="988" class="gb-media-10ec0ab3" alt="" title="a51fdb2b60ea7169c33c18f267803cc3 (1)" src="https://etudiant33.webuco.fr/wp-content/uploads/2026/03/a51fdb2b60ea7169c33c18f267803cc3-1.jpg" srcset="https://etudiant33.webuco.fr/wp-content/uploads/2026/03/a51fdb2b60ea7169c33c18f267803cc3-1.jpg 800w, https://etudiant33.webuco.fr/wp-content/uploads/2026/03/a51fdb2b60ea7169c33c18f267803cc3-1-243x300.jpg 243w, https://etudiant33.webuco.fr/wp-content/uploads/2026/03/a51fdb2b60ea7169c33c18f267803cc3-1-768x948.jpg 768w" sizes="auto, (max-width: 800px) 100vw, 800px" />
</div>



<div class="gb-element-8796702d">
<img loading="lazy" decoding="async" width="800" height="981" class="gb-media-cb5ee3ca" alt="" title="bouquet-hortensia-lacanau (1)" src="https://etudiant33.webuco.fr/wp-content/uploads/2026/03/bouquet-hortensia-lacanau-1-2.jpg" srcset="https://etudiant33.webuco.fr/wp-content/uploads/2026/03/bouquet-hortensia-lacanau-1-2.jpg 800w, https://etudiant33.webuco.fr/wp-content/uploads/2026/03/bouquet-hortensia-lacanau-1-2-245x300.jpg 245w, https://etudiant33.webuco.fr/wp-content/uploads/2026/03/bouquet-hortensia-lacanau-1-2-768x942.jpg 768w" sizes="auto, (max-width: 800px) 100vw, 800px" />
</div>



<div class="gb-element-be4ade61">
<img loading="lazy" decoding="async" width="800" height="1001" class="gb-media-6f0beb42" alt="" title="f0310b677460306142e26387e8ef0f13 (1)" src="https://etudiant33.webuco.fr/wp-content/uploads/2026/03/f0310b677460306142e26387e8ef0f13-1.jpg" srcset="https://etudiant33.webuco.fr/wp-content/uploads/2026/03/f0310b677460306142e26387e8ef0f13-1.jpg 800w, https://etudiant33.webuco.fr/wp-content/uploads/2026/03/f0310b677460306142e26387e8ef0f13-1-240x300.jpg 240w, https://etudiant33.webuco.fr/wp-content/uploads/2026/03/f0310b677460306142e26387e8ef0f13-1-768x961.jpg 768w" sizes="auto, (max-width: 800px) 100vw, 800px" />
</div>



<div class="gb-element-7100ece0">
<img loading="lazy" decoding="async" width="800" height="894" class="gb-media-282f540b" alt="" title="bouquet-automne (1)" src="https://etudiant33.webuco.fr/wp-content/uploads/2026/04/bouquet-automne-1.jpg" srcset="https://etudiant33.webuco.fr/wp-content/uploads/2026/04/bouquet-automne-1.jpg 800w, https://etudiant33.webuco.fr/wp-content/uploads/2026/04/bouquet-automne-1-268x300.jpg 268w, https://etudiant33.webuco.fr/wp-content/uploads/2026/04/bouquet-automne-1-768x858.jpg 768w" sizes="auto, (max-width: 800px) 100vw, 800px" />
</div>
</div>



<div class="gb-element-f1ec1df3">
<div class="gb-element-bda5a73a">
<div>
<h1 class="gb-text gb-text-c639d2dc">Le concept de notre atelier de création de bouquets de saison : &#8220;Véritable parenthèse sensorielle ! &#8220;</h1>
</div>
</div>



<div class="gb-element-1635e039">
<h6 class="gb-text">Animé par <a href="https://etudiant33.webuco.fr/index.php/intervenants/paul-hervey-brookes/" data-type="page" data-id="108">Paul Hervey-Brookes</a></h6>



<p>Au cœur du festival, entre les effluves de rose, de pivoine et de lavande, notre atelier Création de Bouquets Saisonniers vous invite à vivre une expérience florale unique, guidée par la passion et le savoir-faire de nos fleuristes. Que vous soyez novice curieux ou amateur éclairé, cet atelier a été pensé pour vous offrir bien plus qu&#8217;un simple cours de fleuristerie : c&#8217;est une véritable parenthèse sensorielle, un moment suspendu où la créativité rencontre la nature.</p>



<p>En une heure et demie, vous apprendrez à regarder les fleurs autrement, à comprendre leur langage et leur façon de dialoguer entre elles. Vous découvrirez les grands principes de la composition florale point focal, équilibre des volumes, jeux de hauteurs ainsi que les associations chromatiques qui font vibrer un arrangement : camaïeux doux et poétiques, contrastes francs ou palettes estivales. Vous repartirez également avec les bons gestes pour préparer vos tiges et prolonger la vie de votre bouquet une fois chez vous.</p>



<p>Fidèle à l&#8217;esprit du festival, cet atelier met à l&#8217;honneur les fleurs locales et de saison, cueillies dans le respect des cycles naturels auprès de producteurs de la région. Chaque atelier est ainsi unique, façonné par ce que la nature offre ce jour-là.</p>



<p><br><strong>Durée :</strong> 1h30 — <strong>Public :</strong> Adultes &amp; adolescents — <strong>Niveau :</strong> Débutant à intermédiaire<br><em>Places limitées — Inscription conseillée</em></p>
</div>
</div>

<p>Le concept de notre atelier de création de bouquets de saison : &#8220;Véritable parenthèse sensorielle ! &#8220; Animé par Paul Hervey-Brookes Au cœur du festival, entre les effluves de rose, de pivoine et de lavande, notre atelier Création de Bouquets Saisonniers vous invite à vivre une expérience florale unique, guidée par la passion et le &#8230; <a title="Création bouquets saisonniers" class="read-more" href="https://etudiant33.webuco.fr/index.php/creation-bouquets-saisonniers/" aria-label="Read more about Création bouquets saisonniers">Read more</a></p>
