{"id":26,"date":"2026-01-21T14:50:03","date_gmt":"2026-01-21T13:50:03","guid":{"rendered":"https:\/\/etudiant33.webuco.fr\/?page_id=26"},"modified":"2026-04-13T19:27:28","modified_gmt":"2026-04-13T17:27:28","slug":"programmation","status":"publish","type":"page","link":"https:\/\/etudiant33.webuco.fr\/","title":{"rendered":"Accueil"},"content":{"rendered":"\n<div class=\"wp-block-cover alignfull has-x-large-font-size wp-elements-1f1f6dae1a67976438781c2134d19d1f wp-duotone-unset-1\" style=\"min-height:300px;aspect-ratio:unset;\"><img loading=\"lazy\" decoding=\"async\" width=\"2560\" height=\"1707\" class=\"wp-block-cover__image-background wp-image-114 size-full\" alt=\"\" src=\"https:\/\/etudiant33.webuco.fr\/wp-content\/uploads\/2026\/03\/QJ2GDGC4DZFIRLOR4XYNNVENQA-scaled.jpg\" style=\"object-position:94% 48%\" data-object-fit=\"cover\" data-object-position=\"94% 48%\" srcset=\"https:\/\/etudiant33.webuco.fr\/wp-content\/uploads\/2026\/03\/QJ2GDGC4DZFIRLOR4XYNNVENQA-scaled.jpg 2560w, https:\/\/etudiant33.webuco.fr\/wp-content\/uploads\/2026\/03\/QJ2GDGC4DZFIRLOR4XYNNVENQA-300x200.jpg 300w, https:\/\/etudiant33.webuco.fr\/wp-content\/uploads\/2026\/03\/QJ2GDGC4DZFIRLOR4XYNNVENQA-1024x683.jpg 1024w, https:\/\/etudiant33.webuco.fr\/wp-content\/uploads\/2026\/03\/QJ2GDGC4DZFIRLOR4XYNNVENQA-768x512.jpg 768w, https:\/\/etudiant33.webuco.fr\/wp-content\/uploads\/2026\/03\/QJ2GDGC4DZFIRLOR4XYNNVENQA-1536x1024.jpg 1536w, https:\/\/etudiant33.webuco.fr\/wp-content\/uploads\/2026\/03\/QJ2GDGC4DZFIRLOR4XYNNVENQA-2048x1365.jpg 2048w\" sizes=\"auto, (max-width: 2560px) 100vw, 2560px\" \/><span aria-hidden=\"true\" class=\"wp-block-cover__background has-contrast-background-color has-background-dim\"><\/span><div class=\"wp-block-cover__inner-container is-layout-constrained wp-block-cover-is-layout-constrained\">\n<div class=\"gb-element-158b633e\">\n<h1 class=\"gb-text\">Festival du Design Floral<\/h1>\n\n\n\n<p class=\"gb-text gb-text-a6c5c734\">Le 11 et 12 juin 2026 \u00e0 Angers<\/p>\n<\/div>\n<\/div><\/div>\n\n\n\n<h2 class=\"gb-text gb-text-1af7c6ff\">Des ateliers fleuris<\/h2>\n\n\n\n<div class=\"gb-element-1280bd3f\">\n<div class=\"gb-element-d0445dcc\">\n<img loading=\"lazy\" decoding=\"async\" width=\"296\" height=\"300\" class=\"gb-media-8bbe312f\" alt=\"\" title=\"il_fullxfull.4760043586_91r7-296x300\" src=\"https:\/\/etudiant33.webuco.fr\/wp-content\/uploads\/2026\/04\/il_fullxfull.4760043586_91r7-296x300-1.webp\"\/>\n\n\n\n<h6 class=\"gb-text gb-text-f3ba9c0b\"><a href=\"https:\/\/etudiant33.webuco.fr\/index.php\/creation-bouquets-saisonniers\/\" data-type=\"page\" data-id=\"165\">Cr\u00e9ation bouquets saisonniers<\/a><\/h6>\n<\/div>\n\n\n\n<div class=\"gb-element-aff135e5\">\n<img loading=\"lazy\" decoding=\"async\" width=\"800\" height=\"800\" class=\"gb-media-bf193127\" alt=\"\" title=\"images (1)\" src=\"https:\/\/etudiant33.webuco.fr\/wp-content\/uploads\/2026\/04\/images-1.jpg\" srcset=\"https:\/\/etudiant33.webuco.fr\/wp-content\/uploads\/2026\/04\/images-1.jpg 800w, https:\/\/etudiant33.webuco.fr\/wp-content\/uploads\/2026\/04\/images-1-300x300.jpg 300w, https:\/\/etudiant33.webuco.fr\/wp-content\/uploads\/2026\/04\/images-1-150x150.jpg 150w, https:\/\/etudiant33.webuco.fr\/wp-content\/uploads\/2026\/04\/images-1-768x768.jpg 768w\" sizes=\"auto, (max-width: 800px) 100vw, 800px\" \/>\n\n\n\n<h6 class=\"gb-text gb-text-4572d2d9\"><a href=\"https:\/\/etudiant33.webuco.fr\/index.php\/creer-un-jardin-pour-les-pollinisateurs\/\" data-type=\"page\" data-id=\"169\">Cr\u00e9er un Jardin pour les Pollinisateurs\u00a0<\/a><\/h6>\n<\/div>\n\n\n\n<div class=\"gb-element-53a382df\">\n<img loading=\"lazy\" decoding=\"async\" width=\"203\" height=\"203\" class=\"gb-media-16202ae2\" alt=\"\" title=\"7fd8fbd7711fe824a8f55c2db6c82174-1-300x222 (1)\" src=\"https:\/\/etudiant33.webuco.fr\/wp-content\/uploads\/2026\/04\/7fd8fbd7711fe824a8f55c2db6c82174-1-300x222-1.jpg\" srcset=\"https:\/\/etudiant33.webuco.fr\/wp-content\/uploads\/2026\/04\/7fd8fbd7711fe824a8f55c2db6c82174-1-300x222-1.jpg 203w, https:\/\/etudiant33.webuco.fr\/wp-content\/uploads\/2026\/04\/7fd8fbd7711fe824a8f55c2db6c82174-1-300x222-1-150x150.jpg 150w\" sizes=\"auto, (max-width: 203px) 100vw, 203px\" \/>\n\n\n\n<h6 class=\"gb-text gb-text-084c0592\"><a href=\"https:\/\/etudiant33.webuco.fr\/index.php\/aquarelle-botanique\/\" data-type=\"page\" data-id=\"171\">Aquarelle Botanique\u00a0<\/a><\/h6>\n<\/div>\n\n\n\n<div class=\"gb-element-52fbdb2c\">\n<img loading=\"lazy\" decoding=\"async\" width=\"960\" height=\"960\" class=\"gb-media-7d31cb51\" alt=\"\" title=\"daniel-ost-florist-on-thursd-featured (1)\" src=\"https:\/\/etudiant33.webuco.fr\/wp-content\/uploads\/2026\/03\/daniel-ost-florist-on-thursd-featured-1.jpg\" srcset=\"https:\/\/etudiant33.webuco.fr\/wp-content\/uploads\/2026\/03\/daniel-ost-florist-on-thursd-featured-1.jpg 960w, https:\/\/etudiant33.webuco.fr\/wp-content\/uploads\/2026\/03\/daniel-ost-florist-on-thursd-featured-1-300x300.jpg 300w, https:\/\/etudiant33.webuco.fr\/wp-content\/uploads\/2026\/03\/daniel-ost-florist-on-thursd-featured-1-150x150.jpg 150w, https:\/\/etudiant33.webuco.fr\/wp-content\/uploads\/2026\/03\/daniel-ost-florist-on-thursd-featured-1-768x768.jpg 768w\" sizes=\"auto, (max-width: 960px) 100vw, 960px\" \/>\n\n\n\n<h6 class=\"gb-text gb-text-0a147001\"><a href=\"https:\/\/etudiant33.webuco.fr\/index.php\/initiation-a-likebana\/\" data-type=\"page\" data-id=\"167\">Initiation \u00e0 l\u2019Ikebana<\/a><\/h6>\n<\/div>\n<\/div>\n\n\n\n<p class=\"gb-text gb-text-7c460441\">Le<strong> Festival du Design Floral<\/strong> c\u00e9l\u00e8bre la cr\u00e9ativit\u00e9 v\u00e9g\u00e9tale \u00e0 travers <strong>l\u2019art de composer avec fleurs, feuillages et mati\u00e8res naturelles<\/strong>. Couleurs, formes et textures s\u2019y rencontrent pour donner vie \u00e0 des cr\u00e9ations sensibles et contemporaines.<br><strong>Quatre ateliers <\/strong>invitent les participants \u00e0 exp\u00e9rimenter diff\u00e9rentes approches, entre d\u00e9couverte de techniques et r\u00e9alisation de compositions personnelles. Tout au long de l\u2019\u00e9v\u00e9nement, des<strong> intervenants passionn\u00e9s<\/strong> partagent leur univers et r\u00e9v\u00e8lent la richesse expressive du design floral.<br>Un rendez-vous inspirant pour \u00e9veiller l\u2019imagination et explorer la <strong>beaut\u00e9 du v\u00e9g\u00e9tal<\/strong>.<\/p>\n\n\n\n<h2 class=\"gb-text gb-text-4b604079\">Des designers d&#8217;exception<\/h2>\n\n\n\n<div class=\"gb-element-2184f539\">\n<div class=\"gb-element-d35db005\">\n<a href=\"https:\/\/etudiant33.webuco.fr\/index.php\/intervenants\/paul-hervey-brookes\/\"><img loading=\"lazy\" decoding=\"async\" width=\"800\" height=\"800\" class=\"gb-media-f9b46ce2\" alt=\"\" title=\"hc_03072023_0041_0\" src=\"https:\/\/etudiant33.webuco.fr\/wp-content\/uploads\/2026\/03\/hc_03072023_0041_0.jpg\" srcset=\"https:\/\/etudiant33.webuco.fr\/wp-content\/uploads\/2026\/03\/hc_03072023_0041_0.jpg 800w, https:\/\/etudiant33.webuco.fr\/wp-content\/uploads\/2026\/03\/hc_03072023_0041_0-300x300.jpg 300w, https:\/\/etudiant33.webuco.fr\/wp-content\/uploads\/2026\/03\/hc_03072023_0041_0-150x150.jpg 150w, https:\/\/etudiant33.webuco.fr\/wp-content\/uploads\/2026\/03\/hc_03072023_0041_0-768x768.jpg 768w\" sizes=\"auto, (max-width: 800px) 100vw, 800px\" \/><\/a>\n\n\n\n<h6 class=\"gb-text\"><a href=\"https:\/\/etudiant33.webuco.fr\/index.php\/intervenants\/paul-hervey-brookes\/\" data-type=\"page\" data-id=\"108\">Paul Hervey-Brookes<\/a><\/h6>\n<\/div>\n\n\n\n<div class=\"gb-element-de779fd7\">\n<a href=\"https:\/\/etudiant33.webuco.fr\/index.php\/shane-connolly\/\"><img loading=\"lazy\" decoding=\"async\" width=\"800\" height=\"800\" class=\"gb-media-51faee76\" alt=\"\" title=\"2+eva_nemeth\" src=\"https:\/\/etudiant33.webuco.fr\/wp-content\/uploads\/2026\/03\/2eva_nemeth-1.jpg\" srcset=\"https:\/\/etudiant33.webuco.fr\/wp-content\/uploads\/2026\/03\/2eva_nemeth-1.jpg 800w, https:\/\/etudiant33.webuco.fr\/wp-content\/uploads\/2026\/03\/2eva_nemeth-1-300x300.jpg 300w, https:\/\/etudiant33.webuco.fr\/wp-content\/uploads\/2026\/03\/2eva_nemeth-1-150x150.jpg 150w, https:\/\/etudiant33.webuco.fr\/wp-content\/uploads\/2026\/03\/2eva_nemeth-1-768x768.jpg 768w\" sizes=\"auto, (max-width: 800px) 100vw, 800px\" \/><\/a>\n\n\n\n<h6 class=\"gb-text gb-text-d666e86c\"><a href=\"https:\/\/etudiant33.webuco.fr\/index.php\/shane-connolly\/\" data-type=\"page\" data-id=\"110\">Shane Connolly<\/a><\/h6>\n<\/div>\n\n\n\n<div class=\"gb-element-2954fade\">\n<a href=\"https:\/\/etudiant33.webuco.fr\/index.php\/intervenants\/artiste-1\/\"><img loading=\"lazy\" decoding=\"async\" width=\"800\" height=\"800\" class=\"gb-media-76e2f7b1\" alt=\"\" title=\"Danil in zijn tuin in Sint-Niklaas_ (1)\" src=\"https:\/\/etudiant33.webuco.fr\/wp-content\/uploads\/2026\/03\/Danil-in-zijn-tuin-in-Sint-Niklaas_-1-1.jpg\" srcset=\"https:\/\/etudiant33.webuco.fr\/wp-content\/uploads\/2026\/03\/Danil-in-zijn-tuin-in-Sint-Niklaas_-1-1.jpg 800w, https:\/\/etudiant33.webuco.fr\/wp-content\/uploads\/2026\/03\/Danil-in-zijn-tuin-in-Sint-Niklaas_-1-1-300x300.jpg 300w, https:\/\/etudiant33.webuco.fr\/wp-content\/uploads\/2026\/03\/Danil-in-zijn-tuin-in-Sint-Niklaas_-1-1-150x150.jpg 150w, https:\/\/etudiant33.webuco.fr\/wp-content\/uploads\/2026\/03\/Danil-in-zijn-tuin-in-Sint-Niklaas_-1-1-768x768.jpg 768w\" sizes=\"auto, (max-width: 800px) 100vw, 800px\" \/><\/a>\n\n\n\n<h6 class=\"gb-text gb-text-4aae2c70\"><a href=\"https:\/\/etudiant33.webuco.fr\/index.php\/intervenants\/artiste-1\/\" data-type=\"page\" data-id=\"28\">Daniel Ost<\/a><\/h6>\n<\/div>\n\n\n\n<div class=\"gb-element-580c454b\">\n<figure>\n<a href=\"https:\/\/etudiant33.webuco.fr\/index.php\/intervenants\/rose-cao\/\"><img loading=\"lazy\" decoding=\"async\" width=\"800\" height=\"800\" class=\"gb-media-0830e3eb\" alt=\"\" title=\"40626782_510476219378518_9182381358608023552_n_c5a5de3b-6e3c-4352-a895-41329e70c54a (1)\" src=\"https:\/\/etudiant33.webuco.fr\/wp-content\/uploads\/2026\/03\/40626782_510476219378518_9182381358608023552_n_c5a5de3b-6e3c-4352-a895-41329e70c54a-1-1.jpg\" srcset=\"https:\/\/etudiant33.webuco.fr\/wp-content\/uploads\/2026\/03\/40626782_510476219378518_9182381358608023552_n_c5a5de3b-6e3c-4352-a895-41329e70c54a-1-1.jpg 800w, https:\/\/etudiant33.webuco.fr\/wp-content\/uploads\/2026\/03\/40626782_510476219378518_9182381358608023552_n_c5a5de3b-6e3c-4352-a895-41329e70c54a-1-1-300x300.jpg 300w, https:\/\/etudiant33.webuco.fr\/wp-content\/uploads\/2026\/03\/40626782_510476219378518_9182381358608023552_n_c5a5de3b-6e3c-4352-a895-41329e70c54a-1-1-150x150.jpg 150w, https:\/\/etudiant33.webuco.fr\/wp-content\/uploads\/2026\/03\/40626782_510476219378518_9182381358608023552_n_c5a5de3b-6e3c-4352-a895-41329e70c54a-1-1-768x768.jpg 768w\" sizes=\"auto, (max-width: 800px) 100vw, 800px\" \/><\/a>\n\n\n\n<h6 class=\"gb-text gb-text-4bab4c31\"><a href=\"https:\/\/etudiant33.webuco.fr\/index.php\/intervenants\/rose-cao\/\" data-type=\"page\" data-id=\"105\">Rose Cao\u00a0<\/a><\/h6>\n<\/figure>\n<\/div>\n<\/div>\n\n\n\n<p><\/p>\n","protected":false},"excerpt":{"rendered":"<p>Des ateliers fleuris Cr\u00e9ation bouquets saisonniers Cr\u00e9er un Jardin pour les Pollinisateurs\u00a0 Aquarelle Botanique\u00a0 Initiation \u00e0 l\u2019Ikebana Le Festival du Design Floral c\u00e9l\u00e8bre la cr\u00e9ativit\u00e9 v\u00e9g\u00e9tale \u00e0 travers l\u2019art de composer avec fleurs, feuillages et mati\u00e8res naturelles. Couleurs, formes et textures s\u2019y rencontrent pour donner vie \u00e0 des cr\u00e9ations sensibles et contemporaines.Quatre ateliers invitent les &#8230; <a title=\"Accueil\" class=\"read-more\" href=\"https:\/\/etudiant33.webuco.fr\/\" aria-label=\"Read more about Accueil\">Read more<\/a><\/p>\n","protected":false},"author":1,"featured_media":0,"parent":0,"menu_order":0,"comment_status":"closed","ping_status":"closed","template":"","meta":{"footnotes":""},"class_list":["post-26","page","type-page","status-publish"],"_links":{"self":[{"href":"https:\/\/etudiant33.webuco.fr\/index.php\/wp-json\/wp\/v2\/pages\/26","targetHints":{"allow":["GET"]}}],"collection":[{"href":"https:\/\/etudiant33.webuco.fr\/index.php\/wp-json\/wp\/v2\/pages"}],"about":[{"href":"https:\/\/etudiant33.webuco.fr\/index.php\/wp-json\/wp\/v2\/types\/page"}],"author":[{"embeddable":true,"href":"https:\/\/etudiant33.webuco.fr\/index.php\/wp-json\/wp\/v2\/users\/1"}],"replies":[{"embeddable":true,"href":"https:\/\/etudiant33.webuco.fr\/index.php\/wp-json\/wp\/v2\/comments?post=26"}],"version-history":[{"count":46,"href":"https:\/\/etudiant33.webuco.fr\/index.php\/wp-json\/wp\/v2\/pages\/26\/revisions"}],"predecessor-version":[{"id":419,"href":"https:\/\/etudiant33.webuco.fr\/index.php\/wp-json\/wp\/v2\/pages\/26\/revisions\/419"}],"wp:attachment":[{"href":"https:\/\/etudiant33.webuco.fr\/index.php\/wp-json\/wp\/v2\/media?parent=26"}],"curies":[{"name":"wp","href":"https:\/\/api.w.org\/{rel}","templated":true}]}}

<div class="wp-block-cover alignfull has-x-large-font-size wp-elements-1f1f6dae1a67976438781c2134d19d1f wp-duotone-unset-1" style="min-height:300px;aspect-ratio:unset;"><img loading="lazy" decoding="async" width="2560" height="1707" class="wp-block-cover__image-background wp-image-114 size-full" alt="" src="https://etudiant33.webuco.fr/wp-content/uploads/2026/03/QJ2GDGC4DZFIRLOR4XYNNVENQA-scaled.jpg" style="object-position:94% 48%" data-object-fit="cover" data-object-position="94% 48%" srcset="https://etudiant33.webuco.fr/wp-content/uploads/2026/03/QJ2GDGC4DZFIRLOR4XYNNVENQA-scaled.jpg 2560w, https://etudiant33.webuco.fr/wp-content/uploads/2026/03/QJ2GDGC4DZFIRLOR4XYNNVENQA-300x200.jpg 300w, https://etudiant33.webuco.fr/wp-content/uploads/2026/03/QJ2GDGC4DZFIRLOR4XYNNVENQA-1024x683.jpg 1024w, https://etudiant33.webuco.fr/wp-content/uploads/2026/03/QJ2GDGC4DZFIRLOR4XYNNVENQA-768x512.jpg 768w, https://etudiant33.webuco.fr/wp-content/uploads/2026/03/QJ2GDGC4DZFIRLOR4XYNNVENQA-1536x1024.jpg 1536w, https://etudiant33.webuco.fr/wp-content/uploads/2026/03/QJ2GDGC4DZFIRLOR4XYNNVENQA-2048x1365.jpg 2048w" sizes="auto, (max-width: 2560px) 100vw, 2560px" /><span aria-hidden="true" class="wp-block-cover__background has-contrast-background-color has-background-dim"></span><div class="wp-block-cover__inner-container is-layout-constrained wp-block-cover-is-layout-constrained">
<div class="gb-element-158b633e">
<h1 class="gb-text">Festival du Design Floral</h1>



<p class="gb-text gb-text-a6c5c734">Le 11 et 12 juin 2026 à Angers</p>
</div>
</div></div>



<h2 class="gb-text gb-text-1af7c6ff">Des ateliers fleuris</h2>



<div class="gb-element-1280bd3f">
<div class="gb-element-d0445dcc">
<img loading="lazy" decoding="async" width="296" height="300" class="gb-media-8bbe312f" alt="" title="il_fullxfull.4760043586_91r7-296x300" src="https://etudiant33.webuco.fr/wp-content/uploads/2026/04/il_fullxfull.4760043586_91r7-296x300-1.webp"/>



<h6 class="gb-text gb-text-f3ba9c0b"><a href="https://etudiant33.webuco.fr/index.php/creation-bouquets-saisonniers/" data-type="page" data-id="165">Création bouquets saisonniers</a></h6>
</div>



<div class="gb-element-aff135e5">
<img loading="lazy" decoding="async" width="800" height="800" class="gb-media-bf193127" alt="" title="images (1)" src="https://etudiant33.webuco.fr/wp-content/uploads/2026/04/images-1.jpg" srcset="https://etudiant33.webuco.fr/wp-content/uploads/2026/04/images-1.jpg 800w, https://etudiant33.webuco.fr/wp-content/uploads/2026/04/images-1-300x300.jpg 300w, https://etudiant33.webuco.fr/wp-content/uploads/2026/04/images-1-150x150.jpg 150w, https://etudiant33.webuco.fr/wp-content/uploads/2026/04/images-1-768x768.jpg 768w" sizes="auto, (max-width: 800px) 100vw, 800px" />



<h6 class="gb-text gb-text-4572d2d9"><a href="https://etudiant33.webuco.fr/index.php/creer-un-jardin-pour-les-pollinisateurs/" data-type="page" data-id="169">Créer un Jardin pour les Pollinisateurs </a></h6>
</div>



<div class="gb-element-53a382df">
<img loading="lazy" decoding="async" width="203" height="203" class="gb-media-16202ae2" alt="" title="7fd8fbd7711fe824a8f55c2db6c82174-1-300x222 (1)" src="https://etudiant33.webuco.fr/wp-content/uploads/2026/04/7fd8fbd7711fe824a8f55c2db6c82174-1-300x222-1.jpg" srcset="https://etudiant33.webuco.fr/wp-content/uploads/2026/04/7fd8fbd7711fe824a8f55c2db6c82174-1-300x222-1.jpg 203w, https://etudiant33.webuco.fr/wp-content/uploads/2026/04/7fd8fbd7711fe824a8f55c2db6c82174-1-300x222-1-150x150.jpg 150w" sizes="auto, (max-width: 203px) 100vw, 203px" />



<h6 class="gb-text gb-text-084c0592"><a href="https://etudiant33.webuco.fr/index.php/aquarelle-botanique/" data-type="page" data-id="171">Aquarelle Botanique </a></h6>
</div>



<div class="gb-element-52fbdb2c">
<img loading="lazy" decoding="async" width="960" height="960" class="gb-media-7d31cb51" alt="" title="daniel-ost-florist-on-thursd-featured (1)" src="https://etudiant33.webuco.fr/wp-content/uploads/2026/03/daniel-ost-florist-on-thursd-featured-1.jpg" srcset="https://etudiant33.webuco.fr/wp-content/uploads/2026/03/daniel-ost-florist-on-thursd-featured-1.jpg 960w, https://etudiant33.webuco.fr/wp-content/uploads/2026/03/daniel-ost-florist-on-thursd-featured-1-300x300.jpg 300w, https://etudiant33.webuco.fr/wp-content/uploads/2026/03/daniel-ost-florist-on-thursd-featured-1-150x150.jpg 150w, https://etudiant33.webuco.fr/wp-content/uploads/2026/03/daniel-ost-florist-on-thursd-featured-1-768x768.jpg 768w" sizes="auto, (max-width: 960px) 100vw, 960px" />



<h6 class="gb-text gb-text-0a147001"><a href="https://etudiant33.webuco.fr/index.php/initiation-a-likebana/" data-type="page" data-id="167">Initiation à l’Ikebana</a></h6>
</div>
</div>



<p class="gb-text gb-text-7c460441">Le<strong> Festival du Design Floral</strong> célèbre la créativité végétale à travers <strong>l’art de composer avec fleurs, feuillages et matières naturelles</strong>. Couleurs, formes et textures s’y rencontrent pour donner vie à des créations sensibles et contemporaines.<br><strong>Quatre ateliers </strong>invitent les participants à expérimenter différentes approches, entre découverte de techniques et réalisation de compositions personnelles. Tout au long de l’événement, des<strong> intervenants passionnés</strong> partagent leur univers et révèlent la richesse expressive du design floral.<br>Un rendez-vous inspirant pour éveiller l’imagination et explorer la <strong>beauté du végétal</strong>.</p>



<h2 class="gb-text gb-text-4b604079">Des designers d&#8217;exception</h2>



<div class="gb-element-2184f539">
<div class="gb-element-d35db005">
<a href="https://etudiant33.webuco.fr/index.php/intervenants/paul-hervey-brookes/"><img loading="lazy" decoding="async" width="800" height="800" class="gb-media-f9b46ce2" alt="" title="hc_03072023_0041_0" src="https://etudiant33.webuco.fr/wp-content/uploads/2026/03/hc_03072023_0041_0.jpg" srcset="https://etudiant33.webuco.fr/wp-content/uploads/2026/03/hc_03072023_0041_0.jpg 800w, https://etudiant33.webuco.fr/wp-content/uploads/2026/03/hc_03072023_0041_0-300x300.jpg 300w, https://etudiant33.webuco.fr/wp-content/uploads/2026/03/hc_03072023_0041_0-150x150.jpg 150w, https://etudiant33.webuco.fr/wp-content/uploads/2026/03/hc_03072023_0041_0-768x768.jpg 768w" sizes="auto, (max-width: 800px) 100vw, 800px" /></a>



<h6 class="gb-text"><a href="https://etudiant33.webuco.fr/index.php/intervenants/paul-hervey-brookes/" data-type="page" data-id="108">Paul Hervey-Brookes</a></h6>
</div>



<div class="gb-element-de779fd7">
<a href="https://etudiant33.webuco.fr/index.php/shane-connolly/"><img loading="lazy" decoding="async" width="800" height="800" class="gb-media-51faee76" alt="" title="2+eva_nemeth" src="https://etudiant33.webuco.fr/wp-content/uploads/2026/03/2eva_nemeth-1.jpg" srcset="https://etudiant33.webuco.fr/wp-content/uploads/2026/03/2eva_nemeth-1.jpg 800w, https://etudiant33.webuco.fr/wp-content/uploads/2026/03/2eva_nemeth-1-300x300.jpg 300w, https://etudiant33.webuco.fr/wp-content/uploads/2026/03/2eva_nemeth-1-150x150.jpg 150w, https://etudiant33.webuco.fr/wp-content/uploads/2026/03/2eva_nemeth-1-768x768.jpg 768w" sizes="auto, (max-width: 800px) 100vw, 800px" /></a>



<h6 class="gb-text gb-text-d666e86c"><a href="https://etudiant33.webuco.fr/index.php/shane-connolly/" data-type="page" data-id="110">Shane Connolly</a></h6>
</div>



<div class="gb-element-2954fade">
<a href="https://etudiant33.webuco.fr/index.php/intervenants/artiste-1/"><img loading="lazy" decoding="async" width="800" height="800" class="gb-media-76e2f7b1" alt="" title="Danil in zijn tuin in Sint-Niklaas_ (1)" src="https://etudiant33.webuco.fr/wp-content/uploads/2026/03/Danil-in-zijn-tuin-in-Sint-Niklaas_-1-1.jpg" srcset="https://etudiant33.webuco.fr/wp-content/uploads/2026/03/Danil-in-zijn-tuin-in-Sint-Niklaas_-1-1.jpg 800w, https://etudiant33.webuco.fr/wp-content/uploads/2026/03/Danil-in-zijn-tuin-in-Sint-Niklaas_-1-1-300x300.jpg 300w, https://etudiant33.webuco.fr/wp-content/uploads/2026/03/Danil-in-zijn-tuin-in-Sint-Niklaas_-1-1-150x150.jpg 150w, https://etudiant33.webuco.fr/wp-content/uploads/2026/03/Danil-in-zijn-tuin-in-Sint-Niklaas_-1-1-768x768.jpg 768w" sizes="auto, (max-width: 800px) 100vw, 800px" /></a>



<h6 class="gb-text gb-text-4aae2c70"><a href="https://etudiant33.webuco.fr/index.php/intervenants/artiste-1/" data-type="page" data-id="28">Daniel Ost</a></h6>
</div>



<div class="gb-element-580c454b">
<figure>
<a href="https://etudiant33.webuco.fr/index.php/intervenants/rose-cao/"><img loading="lazy" decoding="async" width="800" height="800" class="gb-media-0830e3eb" alt="" title="40626782_510476219378518_9182381358608023552_n_c5a5de3b-6e3c-4352-a895-41329e70c54a (1)" src="https://etudiant33.webuco.fr/wp-content/uploads/2026/03/40626782_510476219378518_9182381358608023552_n_c5a5de3b-6e3c-4352-a895-41329e70c54a-1-1.jpg" srcset="https://etudiant33.webuco.fr/wp-content/uploads/2026/03/40626782_510476219378518_9182381358608023552_n_c5a5de3b-6e3c-4352-a895-41329e70c54a-1-1.jpg 800w, https://etudiant33.webuco.fr/wp-content/uploads/2026/03/40626782_510476219378518_9182381358608023552_n_c5a5de3b-6e3c-4352-a895-41329e70c54a-1-1-300x300.jpg 300w, https://etudiant33.webuco.fr/wp-content/uploads/2026/03/40626782_510476219378518_9182381358608023552_n_c5a5de3b-6e3c-4352-a895-41329e70c54a-1-1-150x150.jpg 150w, https://etudiant33.webuco.fr/wp-content/uploads/2026/03/40626782_510476219378518_9182381358608023552_n_c5a5de3b-6e3c-4352-a895-41329e70c54a-1-1-768x768.jpg 768w" sizes="auto, (max-width: 800px) 100vw, 800px" /></a>



<h6 class="gb-text gb-text-4bab4c31"><a href="https://etudiant33.webuco.fr/index.php/intervenants/rose-cao/" data-type="page" data-id="105">Rose Cao </a></h6>
</figure>
</div>
</div>



<p></p>

<p>Des ateliers fleuris Création bouquets saisonniers Créer un Jardin pour les Pollinisateurs  Aquarelle Botanique  Initiation à l’Ikebana Le Festival du Design Floral célèbre la créativité végétale à travers l’art de composer avec fleurs, feuillages et matières naturelles. Couleurs, formes et textures s’y rencontrent pour donner vie à des créations sensibles et contemporaines.Quatre ateliers invitent les &#8230; <a title="Accueil" class="read-more" href="https://etudiant33.webuco.fr/" aria-label="Read more about Accueil">Read more</a></p>
