{"id":28,"date":"2026-01-21T14:55:31","date_gmt":"2026-01-21T13:55:31","guid":{"rendered":"https:\/\/etudiant33.webuco.fr\/?page_id=28"},"modified":"2026-04-13T19:28:50","modified_gmt":"2026-04-13T17:28:50","slug":"artiste-1","status":"publish","type":"page","link":"https:\/\/etudiant33.webuco.fr\/index.php\/intervenants\/artiste-1\/","title":{"rendered":"Daniel Ost"},"content":{"rendered":"\n<div class=\"wp-block-cover\"><img loading=\"lazy\" decoding=\"async\" width=\"1024\" height=\"683\" class=\"wp-block-cover__image-background wp-image-126 size-large\" alt=\"\" src=\"https:\/\/etudiant33.webuco.fr\/wp-content\/uploads\/2026\/03\/daniel-ost-bloemen-house-of-wedding-3-1-69957d5541694-1024x683.jpg\" style=\"object-position:52% 3%\" data-object-fit=\"cover\" data-object-position=\"52% 3%\" srcset=\"https:\/\/etudiant33.webuco.fr\/wp-content\/uploads\/2026\/03\/daniel-ost-bloemen-house-of-wedding-3-1-69957d5541694-1024x683.jpg 1024w, https:\/\/etudiant33.webuco.fr\/wp-content\/uploads\/2026\/03\/daniel-ost-bloemen-house-of-wedding-3-1-69957d5541694-300x200.jpg 300w, https:\/\/etudiant33.webuco.fr\/wp-content\/uploads\/2026\/03\/daniel-ost-bloemen-house-of-wedding-3-1-69957d5541694-768x512.jpg 768w, https:\/\/etudiant33.webuco.fr\/wp-content\/uploads\/2026\/03\/daniel-ost-bloemen-house-of-wedding-3-1-69957d5541694.jpg 1280w\" sizes=\"auto, (max-width: 1024px) 100vw, 1024px\" \/><span aria-hidden=\"true\" class=\"wp-block-cover__background has-background-dim-40 has-background-dim\" style=\"background-color:#696860\"><\/span><div class=\"wp-block-cover__inner-container is-layout-constrained wp-block-cover-is-layout-constrained\">\n<p class=\"has-text-align-center has-large-font-size\">Daniel OST<\/p>\n\n\n\n<div>\n<h3 class=\"gb-text gb-text-d567dd1d\"><a href=\"https:\/\/etudiant33.webuco.fr\/index.php\/aquarelle-botanique\/\" data-type=\"page\" data-id=\"171\">Aquarelle Botanique\u00a0<\/a><\/h3>\n<\/div>\n\n\n\n<p class=\"has-text-align-center has-medium-font-size\"><strong>Le 12 juin 2026<\/strong><\/p>\n\n\n\n<p class=\"has-text-align-center\"><strong>Le dimanche \u00e0 10h et 16h30<\/strong><\/p>\n<\/div><\/div>\n\n\n\n<div class=\"gb-element-464683ca\">\n<div>\n<p class=\"gb-text\">Artiste floral belge de renomm\u00e9e internationale, Daniel Ost est consid\u00e9r\u00e9 comme l\u2019un des plus grands designers floraux contemporains. <\/p>\n\n\n\n<p>Il est reconnu pour ses installations monumentales m\u00ealant fleurs, architecture et sc\u00e9nographie.&nbsp;<\/p>\n\n\n\n<p>Son travail a \u00e9t\u00e9 expos\u00e9 dans des lieux prestigieux \u00e0 travers le monde et il collabore r\u00e9guli\u00e8rement avec des maisons de luxe et des \u00e9v\u00e9nements d\u2019envergure internationale.&nbsp;<\/p>\n\n\n\n<p>Au festival : Daniel Ost proposera une d\u00e9monstration spectaculaire autour des grandes compositions florales et partagera sa vision artistique de la nature comme \u0153uvre d\u2019art vivante.<\/p>\n<\/div>\n\n\n\n<p class=\"gb-text gb-text-10dd0b41\"><\/p>\n<\/div>\n\n\n\n<h3 class=\"gb-text\"><a href=\"https:\/\/etudiant33.webuco.fr\/index.php\/aquarelle-botanique\/\">L&#8217;aquarelle botanique &#8211; dimanche 12 juin \u00e0 10h et 16h30<\/a><\/h3>\n\n\n\n<p><\/p>\n","protected":false},"excerpt":{"rendered":"<p>Artiste floral belge de renomm\u00e9e internationale, Daniel Ost est consid\u00e9r\u00e9 comme l\u2019un des plus grands designers floraux contemporains. Il est reconnu pour ses installations monumentales m\u00ealant fleurs, architecture et sc\u00e9nographie.&nbsp; Son travail a \u00e9t\u00e9 expos\u00e9 dans des lieux prestigieux \u00e0 travers le monde et il collabore r\u00e9guli\u00e8rement avec des maisons de luxe et des \u00e9v\u00e9nements &#8230; <a title=\"Daniel Ost\" class=\"read-more\" href=\"https:\/\/etudiant33.webuco.fr\/index.php\/intervenants\/artiste-1\/\" aria-label=\"Read more about Daniel Ost\">Read more<\/a><\/p>\n","protected":false},"author":1,"featured_media":0,"parent":18,"menu_order":0,"comment_status":"closed","ping_status":"closed","template":"","meta":{"footnotes":""},"class_list":["post-28","page","type-page","status-publish"],"_links":{"self":[{"href":"https:\/\/etudiant33.webuco.fr\/index.php\/wp-json\/wp\/v2\/pages\/28","targetHints":{"allow":["GET"]}}],"collection":[{"href":"https:\/\/etudiant33.webuco.fr\/index.php\/wp-json\/wp\/v2\/pages"}],"about":[{"href":"https:\/\/etudiant33.webuco.fr\/index.php\/wp-json\/wp\/v2\/types\/page"}],"author":[{"embeddable":true,"href":"https:\/\/etudiant33.webuco.fr\/index.php\/wp-json\/wp\/v2\/users\/1"}],"replies":[{"embeddable":true,"href":"https:\/\/etudiant33.webuco.fr\/index.php\/wp-json\/wp\/v2\/comments?post=28"}],"version-history":[{"count":19,"href":"https:\/\/etudiant33.webuco.fr\/index.php\/wp-json\/wp\/v2\/pages\/28\/revisions"}],"predecessor-version":[{"id":420,"href":"https:\/\/etudiant33.webuco.fr\/index.php\/wp-json\/wp\/v2\/pages\/28\/revisions\/420"}],"up":[{"embeddable":true,"href":"https:\/\/etudiant33.webuco.fr\/index.php\/wp-json\/wp\/v2\/pages\/18"}],"wp:attachment":[{"href":"https:\/\/etudiant33.webuco.fr\/index.php\/wp-json\/wp\/v2\/media?parent=28"}],"curies":[{"name":"wp","href":"https:\/\/api.w.org\/{rel}","templated":true}]}}

<div class="wp-block-cover"><img loading="lazy" decoding="async" width="1024" height="683" class="wp-block-cover__image-background wp-image-126 size-large" alt="" src="https://etudiant33.webuco.fr/wp-content/uploads/2026/03/daniel-ost-bloemen-house-of-wedding-3-1-69957d5541694-1024x683.jpg" style="object-position:52% 3%" data-object-fit="cover" data-object-position="52% 3%" srcset="https://etudiant33.webuco.fr/wp-content/uploads/2026/03/daniel-ost-bloemen-house-of-wedding-3-1-69957d5541694-1024x683.jpg 1024w, https://etudiant33.webuco.fr/wp-content/uploads/2026/03/daniel-ost-bloemen-house-of-wedding-3-1-69957d5541694-300x200.jpg 300w, https://etudiant33.webuco.fr/wp-content/uploads/2026/03/daniel-ost-bloemen-house-of-wedding-3-1-69957d5541694-768x512.jpg 768w, https://etudiant33.webuco.fr/wp-content/uploads/2026/03/daniel-ost-bloemen-house-of-wedding-3-1-69957d5541694.jpg 1280w" sizes="auto, (max-width: 1024px) 100vw, 1024px" /><span aria-hidden="true" class="wp-block-cover__background has-background-dim-40 has-background-dim" style="background-color:#696860"></span><div class="wp-block-cover__inner-container is-layout-constrained wp-block-cover-is-layout-constrained">
<p class="has-text-align-center has-large-font-size">Daniel OST</p>



<div>
<h3 class="gb-text gb-text-d567dd1d"><a href="https://etudiant33.webuco.fr/index.php/aquarelle-botanique/" data-type="page" data-id="171">Aquarelle Botanique </a></h3>
</div>



<p class="has-text-align-center has-medium-font-size"><strong>Le 12 juin 2026</strong></p>



<p class="has-text-align-center"><strong>Le dimanche à 10h et 16h30</strong></p>
</div></div>



<div class="gb-element-464683ca">
<div>
<p class="gb-text">Artiste floral belge de renommée internationale, Daniel Ost est considéré comme l’un des plus grands designers floraux contemporains. </p>



<p>Il est reconnu pour ses installations monumentales mêlant fleurs, architecture et scénographie.&nbsp;</p>



<p>Son travail a été exposé dans des lieux prestigieux à travers le monde et il collabore régulièrement avec des maisons de luxe et des événements d’envergure internationale.&nbsp;</p>



<p>Au festival : Daniel Ost proposera une démonstration spectaculaire autour des grandes compositions florales et partagera sa vision artistique de la nature comme œuvre d’art vivante.</p>
</div>



<p class="gb-text gb-text-10dd0b41"></p>
</div>



<h3 class="gb-text"><a href="https://etudiant33.webuco.fr/index.php/aquarelle-botanique/">L&#8217;aquarelle botanique &#8211; dimanche 12 juin à 10h et 16h30</a></h3>



<p></p>

<p>Artiste floral belge de renommée internationale, Daniel Ost est considéré comme l’un des plus grands designers floraux contemporains. Il est reconnu pour ses installations monumentales mêlant fleurs, architecture et scénographie.&nbsp; Son travail a été exposé dans des lieux prestigieux à travers le monde et il collabore régulièrement avec des maisons de luxe et des événements &#8230; <a title="Daniel Ost" class="read-more" href="https://etudiant33.webuco.fr/index.php/intervenants/artiste-1/" aria-label="Read more about Daniel Ost">Read more</a></p>
